isor of r and 16.
16
Let f(d) = -14*d**3 - d**2. Let i be f(-1). Let t = 457 - 353. What is the greatest common factor of t and i?
13
Let r be 567/36 + (-6)/8. Let x = -3 + r. Calculate the highest common factor of 12 and x.
12
Suppose 8*t + 72 = 4*t. Let k(y) = -y**2 - 25*y - 42. Let p be k(t). Let v be (6/4)/(12/168). What is the highest common divisor of p and v?
21
Let s(u) = u**3 + 10*u**2 + 16*u + 10. Let p be s(-6). What is the highest common divisor of p and 928?
58
Let g(a) = 2*a**3 - 8*a**2 + 13*a - 10. Let z be g(4). What is the highest common factor of 12 and z?
6
Let q be (-26)/5*(0 - -5). Let l = q - -86. What is the greatest common divisor of 20 and l?
20
Let i(o) = -2*o + 3. Let w be i(-5). Let h(a) = 2*a**2 - 4*a - 5. Let l be h(-7). Let z = 264 - l. What is the highest common factor of w and z?
13
Let x(r) = r**3 - 6*r**2 + 4. Let m be x(6). Let t(q) = q + q**3 + 0*q + 5*q**2 + 13 + m*q**2. Let h be t(-9). What is the greatest common divisor of h and 20?
4
Suppose 4*z - p - 17 = 10, 3*z = 4*p + 4. What is the highest common divisor of 84 and z?
4
Let n = -576 + 951. Calculate the greatest common factor of n and 50.
25
Let c = 41 + -2. Let u = 23 - 34. Let w = u + 24. What is the highest common factor of c and w?
13
Let o be 10/(-20)*(-1 - -3)*-37. Calculate the greatest common factor of 629 and o.
37
Let s be (3/(-4))/((-4)/528). Calculate the highest common factor of s and 18.
9
Let q(z) = 24*z**2 - 2*z - 1. Let h be q(-1). Suppose 4*s - 10 = 5*r, s - 3*r = 3 - 4. Calculate the highest common divisor of h and s.
5
Let f = 1155 - 777. Calculate the greatest common divisor of f and 315.
63
Let g = 0 + 5. Let o(q) = 4*q**2 + 0*q - 2*q**2 - g + 7*q. Let m be o(4). What is the greatest common divisor of m and 11?
11
Suppose -y - 2836 = -5*g, 2*g = 3*g - 3*y - 570. Calculate the highest common divisor of g and 21.
21
Suppose -g + m + 2 = -0, 0 = 2*g + 5*m - 11. Let c(u) = -g - 2 + 2 - 1 + 3*u. Let o be c(4). Calculate the greatest common factor of o and 1.
1
Let a(l) = -l**3 - 8*l**2 + 10*l + 3. Let y be a(-9). Let q be (32/y)/(24/(-432)). Calculate the highest common factor of q and 12.
12
Suppose v = 3*v - 120. Let a be 137/9 + (-4)/54*3. Suppose -2*g + 5*o + a = 0, 2 = 2*o - 0*o. What is the greatest common factor of g and v?
10
Let k = 1345 + -1307. What is the greatest common factor of k and 14?
2
Suppose 0 = -5*a + i + 19, -5*a + 1 = 4*i - 23. Let w(r) = -a*r - 38*r - 17*r + 1. Let o be w(-1). Calculate the highest common factor of o and 12.
12
Let c = -84 - -63. Let a be (-150)/(-14) + (-6)/c. Calculate the highest common divisor of a and 11.
11
Let k = 35 - 81. Let s = k + 28. Let l be 0 + -2 + (-3 - s). What is the greatest common divisor of 13 and l?
13
Let x(a) = 2*a + 3. Let j(n) = -2*n - 4. Let p(g) = 6*j(g) + 5*x(g). Let u be p(-6). What is the greatest common factor of 15 and u?
3
Suppose 24 = 9*s - s. Suppose -69 = -3*a - h, -47 - 28 = -s*a + h. What is the highest common divisor of a and 60?
12
Suppose -4*u = -5*r - 60, -2*r - 3*u = -u + 42. Let v be r*(1 + 0 + -2). What is the highest common factor of v and 40?
8
Let t = 21 + 156. What is the greatest common divisor of 118 and t?
59
Let i(q) = -q**3 + q**2 + 3*q + 4. Let o be i(4). Let h = o - -33. Let n = 0 - -1. Calculate the highest common factor of n and h.
1
Let s = -1346 - -1676. Calculate the greatest common factor of 264 and s.
66
Let o(f) = 3*f + 69. Let m be o(-3). Suppose 5*s + 18 = 118. Calculate the greatest common divisor of m and s.
20
Suppose 5*l = -2*b + 161, -b - l - 91 = -2*b. What is the greatest common divisor of b and 836?
44
Suppose 4*w + 14*i = 10*i + 24, 3*w = -5*i + 12. Let y = w + 8. What is the greatest common factor of 187 and y?
17
Suppose 8*p - 48 = 7*p. Let d = 43 - 37. What is the highest common factor of d and p?
6
Suppose 5*u - o = 260, u = -u - 4*o + 104. Calculate the greatest common factor of u and 143.
13
Let n be ((-146)/4 - -5)/(2/(-4)). What is the greatest common factor of n and 252?
63
Let t(l) = -3*l + 9. Let k be t(5). Let a be 1/2*(376 - k). Let x = -114 + a. Calculate the highest common divisor of x and 11.
11
Suppose -2*l = 2*k - 40, -4*k + 5*l = 3*l - 68. Let s be 349/13 - 8/(-52). What is the greatest common factor of s and k?
9
Let n = -61 - -301. Let f be -20*(n/25)/(-6). Let c be 136/10 - f/(-80). What is the greatest common factor of 112 and c?
14
Suppose 3*z - 2*a - 133 = 0, -178 = -2*z - 2*z + 2*a. Suppose 28*r - z = 25*r. Let h = 2 - -58. Calculate the greatest common factor of h and r.
15
Let h be (10/(-6))/((-2)/42). Let n = h + -25. Calculate the greatest common factor of n and 20.
10
Suppose -3*r + s + 239 = r, 4*r + 4*s = 244. Let q be -15*8/(-10)*1. What is the greatest common divisor of r and q?
12
Suppose -n + 3*n = 8. Let q be 18*(2/n)/1 - 3. What is the greatest common factor of q and 3?
3
Suppose 7*o = -5*q + 6*o + 154, 3*q = -4*o + 106. Calculate the highest common factor of 1 and q.
1
Let d be (-2 - -1)/((-24)/168). Let w(t) = 22*t - 24. Let u be w(d). Calculate the highest common factor of u and 26.
26
Let d(w) = 5*w + 20. Let o be d(-4). Let r be o + 3 + 6/3. What is the greatest common divisor of r and 5?
5
Let t be 28/574 + (-39350)/(-205). What is the highest common divisor of 144 and t?
48
Suppose -17*o + 112 = -15*o. Suppose 0 = 13*w - 11*w - o. Calculate the greatest common factor of w and 70.
14
Suppose 0 = 2*j + 70 - 146. Calculate the highest common divisor of j and 38.
38
Suppose 3*m - 10 = 26. Calculate the highest common factor of 216 and m.
12
Let f be (-3 - 5/(-2))/(1/(-24)). Calculate the greatest common factor of 42 and f.
6
Suppose 0*t + 4*h - 100 = -4*t, -4*h = 0. Suppose 0 = 2*u - 0*u - 10. What is the greatest common divisor of t and u?
5
Let j be (-103)/(-3) + ((-25)/15)/5. Let q be (2/(-7) - (-2154)/42)/1. Calculate the highest common factor of q and j.
17
Let m = 1 + 5. Let q be m + (1 + 0)*-1. Let l be ((-142)/355)/(2/(-225)). What is the greatest common factor of q and l?
5
Let j be 18/(-48) + (-630)/112. Suppose 0 = -5*x - 4*r + 21 + 71, 5*x = -3*r + 89. Let t = x - j. What is the highest common divisor of 33 and t?
11
Let u be 99/(-11) + 0 + 2. Let d = u + 13. Calculate the greatest common divisor of 3 and d.
3
Let r be -4 + (-2972)/(-12) + (-2)/3. Calculate the highest common divisor of r and 9.
9
Suppose -k + 5*f - 2 = 0, -5*f = 4*k - 2*k - 56. Suppose -32*x = -29*x - k. What is the highest common factor of x and 12?
6
Suppose 0 = 5*t + 52 + 18. Let i = 29 + t. What is the highest common divisor of i and 15?
15
Suppose 0*f + 4*f = -3*d + 42, 3*d = -f + 6. What is the greatest common factor of 174 and f?
6
Let t(a) = -2*a**2 - 26*a - 22. Let m be t(-12). Suppose g + 96 = 3*i + 32, 0 = 2*g - 4. Calculate the highest common divisor of i and m.
2
Let y(b) = -b + 24. Let z be 15 + (-8)/4 + 2. Let h be y(z). What is the greatest common divisor of 27 and h?
9
Let p(n) = -2*n + 1. Let m be p(-2). Suppose 4*b + 19 + m = j, -5*j - 3*b = -28. What is the greatest common divisor of j and 8?
8
Let y(z) = 25*z - 126. Let i be y(9). Calculate the greatest common factor of i and 22.
11
Let q be (5 - 102/18)*-18. What is the greatest common divisor of 2364 and q?
12
Let n(x) = -x + 16. Let i = -19 - -9. Let r be 8/i + (-4)/(-5). Let j be n(r). What is the greatest common divisor of j and 40?
8
Suppose -2*n = 0, 5*f - n - n = 15. Calculate the greatest common factor of f and 24.
3
Let u be (18 - 0)*(-6)/(-4). Let x(k) = -k**3 - 9*k**2 - 14*k - 2. Let m be x(-7). Let n be 72/u*(-3)/m. Calculate the highest common factor of n and 4.
4
Let r be (63/(-84))/((-1)/56). Calculate the highest common factor of r and 84.
42
Suppose 0 = -53*s + 26*s + 621. What is the greatest common divisor of s and 621?
23
Let q(i) = i**2 + 14*i + 10. Let l be q(-16). What is the highest common divisor of 14 and l?
14
Let s = 3 - 0. Suppose -3*y + 108 = y. What is the greatest common divisor of s and y?
3
Let d(x) = -9*x**3 + 2*x**2 + 6*x + 4. Let y be d(-1). Suppose -17 - 64 = -b. What is the highest common factor of b and y?
9
Suppose -4*j = 16, 3*j = -a + 3*a - 20. Let g be (-27)/(-1) - (-2 + a). Let s be -2 + (6*g)/5. What is the highest common factor of s and 84?
28
Let q(v) = -2*v**2 - 34*v - 9.